factor of 912?
False
Is 17 a factor of 4430?
False
Is 4 a factor of 144?
True
Is 161 a factor of 12075?
True
Is 34 a factor of 2890?
True
Is 92 a factor of 27650?
False
Does 48 divide 116256?
True
Does 28 divide 13580?
True
Is 64 a factor of 2126?
False
Is 3416 a multiple of 25?
False
Is 3689 a multiple of 2?
False
Is 61 a factor of 141337?
True
Is 156 a factor of 30528?
False
Is 5 a factor of 160?
True
Is 1599 a multiple of 3?
True
Is 470 even?
True
Is 36070 a multiple of 86?
False
Is 11 a factor of 385?
True
Is 9 a factor of 27?
True
Is 16594 a multiple of 30?
False
Does 39 divide 14160?
False
Is 3 a factor of 125?
False
Is 23 a factor of 2196?
False
Is 12980 a multiple of 177?
False
Is 7 a factor of 3751?
False
Is 5964 a multiple of 12?
True
Is 41 a factor of 12342?
False
Does 26 divide 16094?
True
Is 56 a factor of 27892?
False
Does 9 divide 261?
True
Is 8 a factor of 1738?
False
Is 62800 a multiple of 286?
False
Is 390 a multiple of 21?
False
Is 78 a factor of 3479?
False
Does 5 divide 165?
True
Is 18 even?
True
Is 3699 a multiple of 27?
True
Is 5568 a multiple of 87?
True
Does 14 divide 3612?
True
Is 1912 a multiple of 8?
True
Does 20 divide 3780?
True
Is 32 a factor of 1088?
True
Is 15641 a multiple of 97?
False
Does 10 divide 693?
False
Is 14 a factor of 1610?
True
Is 22092 a multiple of 16?
False
Does 83 divide 6746?
False
Is 7452 a multiple of 6?
True
Is 8 a factor of 29432?
True
Does 132 divide 29580?
False
Is 4 a factor of 2780?
True
Does 61 divide 549?
True
Does 3 divide 134?
False
Is 390 a multiple of 10?
True
Is 3574 a multiple of 3?
False
Is 101 a factor of 16564?
True
Is 5 a factor of 1395?
True
Does 48 divide 57984?
True
Does 260 divide 28340?
True
Is 6510 a multiple of 35?
True
Is 51 a factor of 7854?
True
Is 39 a factor of 13207?
False
Is 15 a factor of 38790?
True
Does 15 divide 370?
False
Is 933 a multiple of 10?
False
Is 192 a multiple of 3?
True
Is 7 a factor of 329?
True
Is 2816 a multiple of 32?
True
Is 82 a multiple of 2?
True
Is 60577 a multiple of 24?
False
Is 78624 a multiple of 72?
True
Is 104160 a multiple of 217?
True
Does 98 divide 21823?
False
Is 66 a factor of 617?
False
Is 84 a factor of 696?
False
Does 24 divide 63?
False
Does 4 divide 68?
True
Does 109 divide 2180?
True
Is 37 a factor of 96511?
False
Does 38 divide 1289?
False
Does 45 divide 18315?
True
Does 45 divide 675?
True
Is 3 a factor of 2129?
False
Is 5930 a multiple of 7?
False
Is 42 a factor of 2793?
False
Does 33 divide 6710?
False
Does 13 divide 309?
False
Is 15 a factor of 3210?
True
Does 48 divide 12924?
False
Is 114 a factor of 1026?
True
Does 18 divide 390?
False
Is 14 a factor of 70?
True
Is 20911 a multiple of 6?
False
Is 1279 a multiple of 7?
False
Does 52 divide 4420?
True
Does 37 divide 1048?
False
Is 18 a factor of 647?
False
Does 119 divide 25109?
True
Is 40 a factor of 470?
False
Is 152 a multiple of 19?
True
Is 52 a factor of 62712?
True
Is 182 a factor of 6689?
False
Is 650 a multiple of 65?
True
Does 28 divide 1164?
False
Is 91 a factor of 546?
True
Does 13 divide 22100?
True
Is 15548 a multiple of 13?
True
Does 14 divide 1624?
True
Is 65 a factor of 788?
False
Does 22 divide 115478?
True
Does 69 divide 255?
False
Does 6 divide 2838?
True
Is 12 a factor of 3444?
True
Does 7 divide 21032?
False
Is 3 a factor of 1005?
True
Does 43 divide 5805?
True
Does 10 divide 650?
True
Does 228 divide 43092?
True
Does 13 divide 241?
False
Does 92 divide 250?
False
Does 2 divide 244?
True
Is 2108 a multiple of 31?
True
Is 21 a factor of 21672?
True
Is 320 a multiple of 8?
True
Does 8 divide 650?
False
Is 783 a multiple of 4?
False
Is 4880 a multiple of 10?
True
Is 4332 a multiple of 76?
True
Is 5760 a multiple of 36?
True
Is 4 a factor of 10844?
True
Does 3 divide 123?
True
Is 1555 a multiple of 9?
False
Is 6408 a multiple of 178?
True
Does 13 divide 62021?
False
Is 232 a factor of 23664?
True
Does 17 divide 16762?
True
Is 16 a factor of 64?
True
Is 71 a factor of 2552?
False
Is 215 a multiple of 5?
True
Is 56 a factor of 20328?
True
Does 29 divide 10469?
True
Is 31620 a multiple of 85?
True
Is 1882 a multiple of 2?
True
Is 7983 a multiple of 9?
True
Does 3 divide 14363?
False
Does 24 divide 4344?
True
Is 46947 a multiple of 14?
False
Is 18 a factor of 761?
False
Does 27 divide 2593?
False
Does 66 divide 972?
False
Is 3287 a multiple of 35?
False
Does 56 divide 4592?
True
Does 36 divide 11343?
False
Does 73 divide 1036?
False
Is 2 a factor of 52?
True
Does 53 divide 98?
False
Does 12 divide 1328?
False
Is 1080 a multiple of 20?
True
Is 51825 a multiple of 15?
True
Is 52 a factor of 1694?
False
Does 18 divide 504?
True
Does 128 divide 26112?
True
Is 50003 a multiple of 51?
False
Is 30 a factor of 35672?
False
Is 659 a multiple of 21?
False
Is 30 a factor of 270?
True
Is 130 a factor of 13130?
True
Does 9 divide 82251?
True
Is 542 a factor of 138752?
True
Is 9 a factor of 92?
False
Is 979 a multiple of 33?
False
Does 9 divide 561?
False
Is 4329 a multiple of 39?
True
Is 77 a factor of 12551?
True
Does 10 divide 3930?
True
Does 11 divide 6223?
False
Is 6384 a multiple of 336?
True
Does 18 divide 3636?
True
Is 75 a factor of 13466?
False
Does 19 divide 100719?
True
Is 696 a multiple of 8?
True
Does 16 divide 2917?
False
Is 4 a factor of 656?
True
Is 468 a multiple of 39?
True
Is 492 a multiple of 10?
False
Does 68 divide 18893?
False
Is 92 a factor of 54823?
False
Is 9 a factor of 468?
True
Is 1449 a multiple of 21?
True
Does 46 divide 920?
True
Is 19 a factor of 2603?
True
Does 172 divide 14941?
False
Is 160 a multiple of 4?
True
Is 63 a factor of 3064?
False
Is 13212 a multiple of 9?
True
Is 2862 a multiple of 3?
True
Is 475 a multiple of 25?
True
Does 14 divide 8232?
True
Does 4 divide 73?
False
Does 60 divide 2000?
False
Is 78 a multiple of 13?
True
Is 95157 a multiple of 291?
True
Is 683 a multiple of 5?
False
Is 15 a factor of 75?
True
Is 816 a multiple of 3?
True
Is 33 a factor of 30458?
False
Is 75 a factor of 392?
False
Does 17 divide 4590?
True
Is 31 a factor of 5262?
False
Is 35 a factor of 10360?
True
Does 4 divide 56?
True
Does 25 divide 4375?
True
Is 83 a factor of 34196?
True
Is 4 a factor of 428?
True
Is 24 a factor of 5977?
False
Does 13 divide 18005?
True
Does 47 divide 846?
True
Is 18834 a multiple of 31?
False
Is 4596 a multiple of 7?
False
Is 52 a factor of 48464?
True
Is 195 a factor of 18915?
True
Is 50504 a multiple of 5?
False
Does 26 divide 3562?
True
Does 11 divide 209?
True
Does 11 divide 95458?
True
Is 458 a multiple of 7?
False
Is 27077 a multiple of 14?
False
Does 13 divide 91455?
True
Does 58 divide 3538?
True
Is 88097 a multiple of 86?
False
Is 9133 a multiple of 107?
False
Is 650 a multiple of 17?
False
Does 5 divide 4091?
False
Is 8 a factor of 1524?
False
Is 62640 a multiple of 22?
False
Is 5043 a multiple of 63?
False
Does 3 divide 5620?
False
Is 14694 a multiple of 237?
True
Is 41 a multiple of 12?
False
Does 83 divide 1411?
True
Is 19335 a multiple of 66?
False
Is 8380 a multiple of 20?
True
Does 22 divide 3506?
False
Is 46690 a multiple of 161?
True
Is 60546 a multiple of 40?
False
Does 53 divide 24327?
True
Does 13 divide 852?
False
Is 1561 even?
False
Is 984 a multiple of 12?
True
Does 12 divide 738?
False
Is 20 a factor of 10920?
True
Is 96 a factor of 31519?
False
Is 25942 a multiple of 14?
True
Is 6 a factor of 34158?
True
Does 190 divide 2946?
False
Does 6 divide 522?
True
Is 3920 a multiple of 40?
True
Does 22 divide 8118?
True
Is 309 a multiple of 3?
True
Is 7172 a multiple of 22?
True
Is 16 a factor of 384?
True
Is 11480 a multiple of 3?
False
Does 14 divide 5842?
False
Does 13 divide 7605?
True
Is 725 a multiple of 25?
True
Is 1455 a multiple of 7?
False
Is 1089 a multiple of 33?
True
Does 24 divide 11972?
False
Is 27 a factor of 335?
False
Does 46 divide 26266?
True
Is 2897 a multiple of 10?
False
Is 37 a factor of 17373?
False
Is 2730 a multiple of 14?
True
Is 7701 a multiple of 66?
False
Is 4648 a multiple of 8?
True
Is 345 a multiple of 15?
True
Is 1087 a multiple of 11?
False
Is 24 a factor of 1777?
False
Does 23 divide 18702?
False
Is 12 a factor of 17880?
True
Does 23 divide 528?
False
Does 11 divide 18814?
False
Does 321 divide 12668?
False
Is 4 a factor of 2761?
False
Is 935 a multiple